ighest common factor of 456 and 14649?
57
Calculate the greatest common divisor of 441 and 2121.
21
Calculate the greatest common divisor of 86 and 559.
43
What is the highest common factor of 76 and 19?
19
Calculate the highest common factor of 7636 and 368.
92
What is the greatest common factor of 22 and 2431?
11
What is the highest common factor of 8155 and 35?
35
Calculate the highest common factor of 13 and 1261.
13
Calculate the greatest common divisor of 162 and 1086.
6
Calculate the greatest common factor of 92 and 4.
4
Calculate the greatest common factor of 33 and 396.
33
What is the greatest common factor of 16107 and 182?
91
What is the greatest common divisor of 495 and 891?
99
Calculate the greatest common divisor of 744 and 15.
3
Calculate the greatest common divisor of 180 and 80.
20
Calculate the greatest common factor of 30 and 318.
6
What is the greatest common factor of 66 and 33?
33
Calculate the highest common divisor of 35 and 1792.
7
What is the highest common divisor of 5848 and 34?
34
Calculate the highest common factor of 29 and 2436.
29
What is the highest common factor of 2436 and 1428?
84
Calculate the highest common factor of 556 and 4.
4
Calculate the highest common factor of 5496 and 84.
12
What is the highest common factor of 478 and 50?
2
What is the greatest common divisor of 159 and 4770?
159
What is the greatest common divisor of 99 and 8547?
33
Calculate the highest common factor of 7 and 966.
7
Calculate the greatest common factor of 4232 and 184.
184
What is the greatest common factor of 2350 and 188?
94
What is the greatest common factor of 45 and 165?
15
What is the highest common divisor of 153 and 119?
17
What is the greatest common factor of 10 and 160?
10
What is the highest common factor of 12 and 4764?
12
What is the highest common factor of 975 and 390?
195
What is the greatest common factor of 102 and 6?
6
Calculate the highest common factor of 8 and 79.
1
Calculate the greatest common divisor of 464 and 816.
16
Calculate the greatest common factor of 84 and 63.
21
What is the greatest common divisor of 10 and 136?
2
What is the greatest common factor of 528 and 11352?
264
Calculate the greatest common divisor of 84 and 23268.
84
What is the greatest common factor of 1404 and 324?
108
Calculate the greatest common divisor of 9570 and 15.
15
Calculate the greatest common factor of 574 and 28.
14
Calculate the highest common factor of 657 and 9.
9
Calculate the highest common divisor of 294 and 6.
6
What is the highest common factor of 350 and 10?
10
Calculate the highest common divisor of 25700 and 100.
100
Calculate the highest common divisor of 2124 and 59.
59
What is the highest common factor of 102 and 884?
34
What is the highest common divisor of 1729 and 4940?
247
Calculate the greatest common factor of 66 and 1914.
66
Calculate the highest common divisor of 56 and 216.
8
Calculate the highest common factor of 36 and 2124.
36
Calculate the highest common divisor of 77 and 187.
11
What is the highest common divisor of 573 and 3629?
191
Calculate the greatest common factor of 1166 and 286.
22
Calculate the highest common factor of 14 and 658.
14
Calculate the highest common divisor of 61 and 5.
1
Calculate the highest common factor of 116 and 406.
58
Calculate the greatest common divisor of 2775 and 150.
75
Calculate the greatest common factor of 60 and 24.
12
Calculate the highest common factor of 4388 and 16.
4
Calculate the greatest common divisor of 30 and 1810.
10
What is the greatest common divisor of 87 and 3?
3
Calculate the greatest common divisor of 155 and 124.
31
What is the highest common divisor of 29 and 1044?
29
What is the highest common factor of 432 and 27?
27
Calculate the greatest common factor of 18 and 192.
6
What is the greatest common factor of 52 and 4238?
26
What is the greatest common factor of 12 and 13440?
12
Calculate the highest common factor of 74 and 1406.
74
Calculate the highest common divisor of 41888 and 119.
119
Calculate the greatest common factor of 15 and 25.
5
Calculate the greatest common factor of 249 and 33.
3
What is the highest common factor of 312 and 72?
24
What is the highest common divisor of 45 and 261?
9
Calculate the highest common divisor of 35 and 10.
5
Calculate the highest common factor of 1 and 83.
1
What is the greatest common factor of 15386 and 628?
314
Calculate the greatest common divisor of 7374 and 6.
6
What is the highest common divisor of 3165 and 15?
15
What is the highest common divisor of 344 and 215?
43
What is the highest common factor of 357 and 483?
21
Calculate the greatest common divisor of 243 and 324.
81
What is the highest common divisor of 24 and 136?
8
What is the greatest common divisor of 1152 and 9?
9
Calculate the highest common factor of 12 and 237.
3
What is the highest common divisor of 8 and 556?
4
Calculate the highest common divisor of 125 and 20.
5
What is the greatest common divisor of 231 and 22?
11
What is the greatest common factor of 22 and 814?
22
Calculate the highest common factor of 221 and 416.
13
Calculate the highest common divisor of 4202 and 22.
22
What is the highest common factor of 2512 and 16?
16
Calculate the highest common divisor of 606 and 48.
6
What is the greatest common factor of 6 and 7?
1
Calculate the greatest common divisor of 3670 and 10.
10
What is the greatest common divisor of 1177 and 4922?
107
What is the highest common factor of 3103 and 203?
29
What is the highest common divisor of 4224 and 240?
48
What is the highest common factor of 87 and 81?
3
What is the greatest common divisor of 21 and 1113?
21
Calculate the greatest common factor of 1776 and 74.
74
What is the highest common divisor of 1380 and 48?
12
What is the greatest common divisor of 56 and 72?
8
Calculate the greatest common divisor of 51 and 1632.
51
What is the greatest common divisor of 14 and 413?
7
What is the greatest common factor of 28 and 14?
14
Calculate the greatest common factor of 81 and 459.
27
Calculate the highest common factor of 1040 and 32.
16
What is the greatest common divisor of 72 and 2682?
18
What is the highest common factor of 861 and 112?
7
Calculate the highest common divisor of 442 and 130.
26
Calculate the greatest common divisor of 90 and 2880.
90
What is the greatest common factor of 2 and 2362?
2
Calculate the highest common divisor of 5 and 1805.
5
Calculate the highest common divisor of 470 and 10.
10
What is the highest common divisor of 434 and 3782?
62
What is the greatest common divisor of 2666 and 62?
62
Calculate the greatest common factor of 3 and 8061.
3
Calculate the highest common divisor of 20 and 1180.
20
Calculate the greatest common divisor of 165 and 510.
15
What is the greatest common factor of 110 and 88?
22
Calculate the greatest common factor of 3424 and 416.
32
What is the highest common factor of 64 and 20?
4
Calculate the highest common factor of 510 and 2193.
51
What is the greatest common factor of 198 and 1026?
18
What is the greatest common factor of 40 and 3280?
40
Calculate the highest common divisor of 1131 and 78.
39
What is the highest common factor of 7 and 133?
7
Calculate the greatest common factor of 2316 and 420.
12
Calculate the highest common factor of 73 and 2044.
73
What is the greatest common factor of 620 and 8835?
155
Calculate the highest common factor of 161 and 35.
7
What is the highest common divisor of 25 and 10?
5
What is the highest common factor of 120 and 520?
40
What is the greatest common factor of 61 and 27?
1
What is the greatest common factor of 2584 and 34?
34
What is the highest common divisor of 1 and 2?
1
What is the greatest common factor of 2655 and 45?
45
Calculate the highest common divisor of 258 and 172.
86
What is the greatest common divisor of 40 and 1180?
20
Calculate the highest common factor of 2 and 9128.
2
What is the highest common factor of 1702 and 2116?
46
Calculate the greatest common factor of 40 and 10.
10
Calculate the greatest common factor of 57 and 6.
3
What is the highest common divisor of 994 and 490?
14
Calculate the greatest common divisor of 222 and 148.
74
Calculate the highest common divisor of 18 and 102.
6
What is the highest common factor of 340 and 68?
68
Calculat